is divided by 87?
85
Calculate the remainder when 5349 is divided by 7.
1
What is the remainder when 597 is divided by 29?
17
What is the remainder when 2099 is divided by 191?
189
What is the remainder when 924 is divided by 78?
66
Calculate the remainder when 118 is divided by 54.
10
Calculate the remainder when 343 is divided by 92.
67
Calculate the remainder when 4 is divided by 2.
0
What is the remainder when 65611 is divided by 53?
50
What is the remainder when 1978 is divided by 60?
58
What is the remainder when 3656 is divided by 62?
60
What is the remainder when 9897 is divided by 18?
15
What is the remainder when 11317 is divided by 283?
280
What is the remainder when 82 is divided by 10?
2
Calculate the remainder when 543 is divided by 194.
155
What is the remainder when 489 is divided by 15?
9
Calculate the remainder when 511 is divided by 136.
103
What is the remainder when 92 is divided by 3?
2
What is the remainder when 88 is divided by 22?
0
Calculate the remainder when 437 is divided by 11.
8
What is the remainder when 54 is divided by 14?
12
What is the remainder when 1037 is divided by 80?
77
Calculate the remainder when 291 is divided by 73.
72
What is the remainder when 873 is divided by 79?
4
What is the remainder when 90 is divided by 7?
6
Calculate the remainder when 20194 is divided by 9.
7
What is the remainder when 227 is divided by 17?
6
Calculate the remainder when 825 is divided by 310.
205
Calculate the remainder when 1194 is divided by 63.
60
Calculate the remainder when 243 is divided by 21.
12
What is the remainder when 61 is divided by 21?
19
Calculate the remainder when 3298 is divided by 44.
42
What is the remainder when 1991 is divided by 23?
13
Calculate the remainder when 189 is divided by 19.
18
What is the remainder when 172 is divided by 17?
2
What is the remainder when 137 is divided by 14?
11
Calculate the remainder when 246 is divided by 119.
8
What is the remainder when 677 is divided by 20?
17
What is the remainder when 1164 is divided by 74?
54
Calculate the remainder when 348 is divided by 85.
8
What is the remainder when 1526 is divided by 6?
2
Calculate the remainder when 1036 is divided by 30.
16
What is the remainder when 35 is divided by 10?
5
What is the remainder when 999 is divided by 50?
49
Calculate the remainder when 939 is divided by 62.
9
What is the remainder when 488 is divided by 15?
8
Calculate the remainder when 318 is divided by 29.
28
Calculate the remainder when 141 is divided by 59.
23
Calculate the remainder when 4868 is divided by 125.
118
Calculate the remainder when 2202 is divided by 73.
12
What is the remainder when 5432 is divided by 5?
2
Calculate the remainder when 2206 is divided by 726.
28
What is the remainder when 2528 is divided by 370?
308
Calculate the remainder when 947 is divided by 929.
18
Calculate the remainder when 165 is divided by 96.
69
Calculate the remainder when 404 is divided by 122.
38
Calculate the remainder when 1374 is divided by 55.
54
What is the remainder when 638 is divided by 40?
38
What is the remainder when 685 is divided by 138?
133
Calculate the remainder when 42 is divided by 39.
3
What is the remainder when 135 is divided by 39?
18
What is the remainder when 9226 is divided by 181?
176
What is the remainder when 1559 is divided by 71?
68
Calculate the remainder when 83 is divided by 25.
8
What is the remainder when 13182 is divided by 206?
204
Calculate the remainder when 112 is divided by 27.
4
What is the remainder when 1206 is divided by 239?
11
What is the remainder when 603 is divided by 231?
141
What is the remainder when 262 is divided by 122?
18
What is the remainder when 540 is divided by 35?
15
What is the remainder when 388 is divided by 22?
14
Calculate the remainder when 6165 is divided by 31.
27
What is the remainder when 436 is divided by 3?
1
Calculate the remainder when 14170 is divided by 189.
184
What is the remainder when 21761 is divided by 54?
53
Calculate the remainder when 99 is divided by 17.
14
What is the remainder when 77 is divided by 38?
1
What is the remainder when 604 is divided by 30?
4
What is the remainder when 133 is divided by 17?
14
What is the remainder when 55 is divided by 21?
13
Calculate the remainder when 2879 is divided by 49.
37
What is the remainder when 797 is divided by 248?
53
Calculate the remainder when 125 is divided by 33.
26
What is the remainder when 25 is divided by 25?
0
Calculate the remainder when 123 is divided by 21.
18
Calculate the remainder when 366 is divided by 364.
2
Calculate the remainder when 2735 is divided by 304.
303
What is the remainder when 10535 is divided by 6?
5
Calculate the remainder when 504 is divided by 46.
44
What is the remainder when 548 is divided by 6?
2
Calculate the remainder when 199 is divided by 102.
97
Calculate the remainder when 72 is divided by 4.
0
Calculate the remainder when 167 is divided by 17.
14
What is the remainder when 217 is divided by 43?
2
Calculate the remainder when 102 is divided by 61.
41
Calculate the remainder when 9119 is divided by 456.
455
Calculate the remainder when 1646 is divided by 9.
8
Calculate the remainder when 4937 is divided by 20.
17
Calculate the remainder when 99 is divided by 34.
31
Calculate the remainder when 446 is divided by 56.
54
What is the remainder when 100 is divided by 54?
46
Calculate the remainder when 4244 is divided by 15.
14
What is the remainder when 3264 is divided by 15?
9
What is the remainder when 187 is divided by 180?
7
What is the remainder when 1272 is divided by 75?
72
Calculate the remainder when 58 is divided by 12.
10
What is the remainder when 2809 is divided by 22?
15
What is the remainder when 563 is divided by 27?
23
Calculate the remainder when 57 is divided by 7.
1
Calculate the remainder when 1948 is divided by 65.
63
Calculate the remainder when 295 is divided by 11.
9
What is the remainder when 31 is divided by 14?
3
What is the remainder when 419 is divided by 101?
15
What is the remainder when 495 is divided by 21?
12
Calculate the remainder when 389 is divided by 261.
128
Calculate the remainder when 210 is divided by 100.
10
What is the remainder when 61 is divided by 36?
25
What is the remainder when 2400 is divided by 220?
200
Calculate the remainder when 5134 is divided by 1271.
50
Calculate the remainder when 831 is divided by 23.
3
What is the remainder when 1834 is divided by 17?
15
What is the remainder when 282 is divided by 11?
7
What is the remainder when 975 is divided by 942?
33
Calculate the remainder when 563 is divided by 146.
125
What is the remainder when 42 is divided by 12?
6
Calculate the remainder when 1091 is divided by 28.
27
What is the remainder when 120 is divided by 59?
2
Calculate the remainder when 2774 is divided by 20.
14
What is the remainder when 53 is divided by 12?
5
Calculate the remainder when 9643 is divided by 182.
179
Calculate the remainder when 15 is divided by 4.
3
What is the remainder when 192 is divided by 1?
0
Calculate the remainder when 6229 is divided by 89.
88
What is the remainder when 1902 is divided by 59?
14
Calculate the remainder when 8034 is divided by 41.
39
Calculate the remainder when 103 is divided by 36.
31
What is the remainder when 546 is divided by 2?
0
Calculate the remainder when 6836 is divided by 13.
11
Calculate the remainder when 115 is divided by 15.
10
What is the remainder when 267 is divided by 17?
12
Calculate the remainder when 151 is divided by 121.
30
What is the remainder when 918 is divided by 23?
21
Calculate the remainder when 3035 is divided by 92.
91
What is the remainder when 6292 is divided by 68?
36
Calculate the remainder when 481 is divided by 180.
121
What is the remainder when 2937 is divided by 60?
57
Calculate the remainder when 201 is divided by 16.
9
What is the remainder when 1250 is divided by 1250?
0
Calculate the remainder when 931 is divided by 306.
13
Calculate the remainder when 371 is divided by 136.
99
What is the remainder when 1130 is divided by 369?
23
Calculate the remainder when 135 is divided by 64.
7
Calculate the remainder when 1488 is divided by 2.
0
Calculate the remainder when 43 is divided by 33.
10
What is the remainder when 711 is d